e the prime factors of 21135?
3, 5, 1409
List the prime factors of 19760.
2, 5, 13, 19
What are the prime factors of 2073?
3, 691
List the prime factors of 565.
5, 113
List the prime factors of 2781.
3, 103
What are the prime factors of 1965?
3, 5, 131
What are the prime factors of 60356?
2, 79, 191
What are the prime factors of 8748?
2, 3
List the prime factors of 139455.
3, 5, 1033
List the prime factors of 6098.
2, 3049
What are the prime factors of 231?
3, 7, 11
What are the prime factors of 9378?
2, 3, 521
List the prime factors of 13221.
3, 13, 113
List the prime factors of 6850.
2, 5, 137
List the prime factors of 1384.
2, 173
List the prime factors of 3332.
2, 7, 17
What are the prime factors of 733?
733
What are the prime factors of 12060?
2, 3, 5, 67
What are the prime factors of 1081?
23, 47
List the prime factors of 23632.
2, 7, 211
List the prime factors of 51574.
2, 107, 241
What are the prime factors of 14450?
2, 5, 17
What are the prime factors of 1634?
2, 19, 43
What are the prime factors of 32781?
3, 7, 223
List the prime factors of 334.
2, 167
List the prime factors of 2333.
2333
List the prime factors of 519.
3, 173
What are the prime factors of 8589?
3, 7, 409
What are the prime factors of 2201?
31, 71
What are the prime factors of 57685?
5, 83, 139
List the prime factors of 1565.
5, 313
What are the prime factors of 17803?
19, 937
List the prime factors of 4342.
2, 13, 167
What are the prime factors of 5049?
3, 11, 17
List the prime factors of 11580.
2, 3, 5, 193
What are the prime factors of 13336?
2, 1667
What are the prime factors of 956?
2, 239
List the prime factors of 4284.
2, 3, 7, 17
What are the prime factors of 394?
2, 197
What are the prime factors of 23027?
23027
List the prime factors of 10045.
5, 7, 41
What are the prime factors of 164642?
2, 191, 431
List the prime factors of 5609.
71, 79
List the prime factors of 10917.
3, 1213
List the prime factors of 70991.
70991
List the prime factors of 1672.
2, 11, 19
List the prime factors of 26839.
26839
What are the prime factors of 3500?
2, 5, 7
List the prime factors of 499.
499
List the prime factors of 12208.
2, 7, 109
What are the prime factors of 640?
2, 5
List the prime factors of 1810.
2, 5, 181
What are the prime factors of 16238?
2, 23, 353
What are the prime factors of 14613?
3, 4871
What are the prime factors of 80766?
2, 3, 7, 641
List the prime factors of 21220.
2, 5, 1061
What are the prime factors of 7046?
2, 13, 271
List the prime factors of 10314.
2, 3, 191
List the prime factors of 201462.
2, 3, 33577
What are the prime factors of 20557?
61, 337
List the prime factors of 124436.
2, 13, 2393
What are the prime factors of 57510?
2, 3, 5, 71
List the prime factors of 2639.
7, 13, 29
List the prime factors of 13041.
3, 7, 23
What are the prime factors of 1799?
7, 257
List the prime factors of 44262.
2, 3, 2459
What are the prime factors of 1990?
2, 5, 199
List the prime factors of 7730.
2, 5, 773
What are the prime factors of 1216?
2, 19
List the prime factors of 2636.
2, 659
List the prime factors of 55032.
2, 3, 2293
List the prime factors of 2224.
2, 139
What are the prime factors of 17188?
2, 4297
List the prime factors of 1181.
1181
What are the prime factors of 2070?
2, 3, 5, 23
List the prime factors of 31479.
3, 7, 1499
What are the prime factors of 80706?
2, 3, 13451
List the prime factors of 14651.
7, 13, 23
List the prime factors of 565.
5, 113
List the prime factors of 3068.
2, 13, 59
List the prime factors of 83335.
5, 7, 2381
What are the prime factors of 3368?
2, 421
What are the prime factors of 136838?
2, 13, 19, 277
List the prime factors of 554.
2, 277
What are the prime factors of 2017?
2017
List the prime factors of 4698.
2, 3, 29
List the prime factors of 17309.
19, 911
List the prime factors of 8882.
2, 4441
What are the prime factors of 1665?
3, 5, 37
What are the prime factors of 39281?
11, 3571
List the prime factors of 1384.
2, 173
What are the prime factors of 17800?
2, 5, 89
What are the prime factors of 3197?
23, 139
List the prime factors of 1453.
1453
List the prime factors of 68352.
2, 3, 89
List the prime factors of 1735.
5, 347
List the prime factors of 5567.
19, 293
List the prime factors of 1157.
13, 89
List the prime factors of 205.
5, 41
What are the prime factors of 5294?
2, 2647
What are the prime factors of 3778?
2, 1889
List the prime factors of 3033.
3, 337
What are the prime factors of 907?
907
List the prime factors of 9216.
2, 3
List the prime factors of 3282.
2, 3, 547
List the prime factors of 612.
2, 3, 17
What are the prime factors of 8621?
37, 233
What are the prime factors of 2142?
2, 3, 7, 17
What are the prime factors of 97446?
2, 3, 109, 149
List the prime factors of 458.
2, 229
List the prime factors of 1696.
2, 53
List the prime factors of 760.
2, 5, 19
What are the prime factors of 3339?
3, 7, 53
List the prime factors of 4493.
4493
List the prime factors of 2512.
2, 157
List the prime factors of 33334.
2, 7, 2381
List the prime factors of 679.
7, 97
List the prime factors of 25303.
25303
What are the prime factors of 468?
2, 3, 13
List the prime factors of 40715.
5, 17, 479
What are the prime factors of 77084?
2, 7, 2753
List the prime factors of 6008.
2, 751
List the prime factors of 1505.
5, 7, 43
What are the prime factors of 43866?
2, 3, 2437
List the prime factors of 24866.
2, 12433
List the prime factors of 7789.
7789
List the prime factors of 46470.
2, 3, 5, 1549
What are the prime factors of 36593?
23, 37, 43
What are the prime factors of 1236?
2, 3, 103
What are the prime factors of 37433?
11, 41, 83
List the prime factors of 905.
5, 181
What are the prime factors of 5786?
2, 11, 263
What are the prime factors of 600?
2, 3, 5
What are the prime factors of 138?
2, 3, 23
List the prime factors of 3170.
2, 5, 317
List the prime factors of 1451.
1451
List the prime factors of 102902.
2, 23, 2237
What are the prime factors of 1225?
5, 7
List the prime factors of 6339.
3, 2113
List the prime factors of 484.
2, 11
What are the prime factors of 72152?
2, 29, 311
List the prime factors of 1096.
2, 137
List the prime factors of 6063.
3, 43, 47
What are the prime factors of 9275?
5, 7, 53
What are the prime factors of 22081?
71, 311
List the prime factors of 2731.
2731
What are the prime factors of 2951?
13, 227
List the prime factors of 2837.
2837
List the prime factors of 985.
5, 197
What are the prime factors of 38795?
5, 7759
List the prime factors of 104673.
3, 23, 37, 41
What are the prime factors of 5317?
13, 409
What are the prime factors of 10376?
2, 1297
List the prime factors of 79783.
11, 7253
List the prime factors of 556.
2, 139
List the prime factors of 6602.
2, 3301
What are the prime factors of 14733?
3, 1637
What are the prime factors of 1830?
2, 3, 5, 61
What are the prime factors of 8702?
2, 19, 229
What are the prime factors of 529?
23
What are the prime factors of 1240?
2, 5, 31
What are the prime factors of 17191?
17191
List the prime factors of 17562.
2, 3, 2927
What are the prime factors of 1855?
5, 7, 53
List the prime factors of 3703.
7, 23
List the prime factors of 2730.
2, 3, 5, 7, 13
List the prime factors of 5687.
11, 47
What are the prime factors of 611?
13, 47
List the prime factors of 82417.
73, 1129
List the prime factors of 39134.
2, 17, 1151
What are the prime factors of 4754?
2, 2377
List the prime factors of 2676.
2, 3, 223
What are the prime factors of 5504?
2, 43
What are the prime factors of 96?
2, 3
What are the prime factors of 60127?
60127
What are the prime factors of 62554?
2, 31277
List the prime factors of 31206.
2, 3, 7, 743
What are the prime factors of 3964?
2, 991
List the prime factors of 36937.
43, 859
List the prime factors of 1653.
3, 19, 29
What are the prime factors of 149?
149
List the prime factors of 686.
2, 7
What are the prime factors of 2982?
2, 3, 7, 71
What are the prime factors of 805?
5, 7, 23
What are the prime factors of 23553?
3, 2617
What are the prime factors of 698?
2, 349
List the prime factors of 62277.
3, 20759
List the prime factors of 1995.
3, 5, 7, 19
What are the prime factors of 28229?
28229
List the prime factors of 2175.
3, 5, 29
List the prime factors of 151.
151
What are the prime factors of 5479?
5479